 the prime factors of 597366.
2, 3, 7, 11, 431
List the prime factors of 550384.
2, 41, 839
List the prime factors of 6855392.
2, 283, 757
List the prime factors of 76895.
5, 7, 13
List the prime factors of 16318621.
11, 233, 6367
What are the prime factors of 539455?
5, 7, 15413
What are the prime factors of 5052857?
71, 71167
List the prime factors of 11210244.
2, 3, 934187
List the prime factors of 2921741.
149, 19609
List the prime factors of 13327687.
59, 397, 569
List the prime factors of 1056265.
5, 7, 103, 293
What are the prime factors of 1567193?
271, 5783
List the prime factors of 1293664.
2, 40427
What are the prime factors of 657993?
3, 7, 31333
What are the prime factors of 3529892?
2, 173, 5101
What are the prime factors of 806844?
2, 3, 71, 947
What are the prime factors of 555427?
19, 23, 31, 41
List the prime factors of 1187383.
1187383
List the prime factors of 8666397.
3, 881, 1093
What are the prime factors of 78736?
2, 7, 19, 37
What are the prime factors of 28598?
2, 79, 181
What are the prime factors of 1606433?
1606433
List the prime factors of 424722.
2, 3, 71, 997
List the prime factors of 23103097.
23103097
What are the prime factors of 37819247?
37819247
List the prime factors of 9959750.
2, 5, 39839
What are the prime factors of 257050?
2, 5, 53, 97
List the prime factors of 12736.
2, 199
What are the prime factors of 2544894?
2, 3, 11, 12853
List the prime factors of 317581.
11, 28871
What are the prime factors of 7249994?
2, 197, 18401
List the prime factors of 168528.
2, 3, 3511
List the prime factors of 568863.
3, 2341
What are the prime factors of 395154?
2, 3, 29, 757
What are the prime factors of 2718247?
7, 577, 673
List the prime factors of 4401438.
2, 3, 53, 13841
List the prime factors of 21689826.
2, 3, 53, 68207
What are the prime factors of 679003?
13, 19, 2749
What are the prime factors of 1166014?
2, 583007
List the prime factors of 780442.
2, 13, 2309
List the prime factors of 1342.
2, 11, 61
List the prime factors of 5041546.
2, 37, 193, 353
List the prime factors of 1192168.
2, 149021
List the prime factors of 155023.
11, 17, 829
What are the prime factors of 176982?
2, 3, 13, 2269
What are the prime factors of 14892236?
2, 3723059
What are the prime factors of 11370253?
83, 136991
What are the prime factors of 99906?
2, 3, 16651
What are the prime factors of 619035?
3, 5, 41269
What are the prime factors of 40770?
2, 3, 5, 151
List the prime factors of 63810.
2, 3, 5, 709
What are the prime factors of 4459725?
3, 5, 6607
List the prime factors of 453517.
127, 3571
What are the prime factors of 1150067?
17, 67651
What are the prime factors of 578233?
73, 89
List the prime factors of 443549.
139, 3191
What are the prime factors of 1574870?
2, 5, 11, 103, 139
List the prime factors of 85770.
2, 3, 5, 953
List the prime factors of 2397684.
2, 3, 199807
What are the prime factors of 857865?
3, 5, 57191
List the prime factors of 13514511.
3, 1171, 3847
List the prime factors of 653671.
439, 1489
What are the prime factors of 574068?
2, 3, 11, 4349
List the prime factors of 8278614.
2, 3, 459923
List the prime factors of 186807.
3, 73, 853
What are the prime factors of 858100?
2, 5, 8581
List the prime factors of 444409.
7, 63487
What are the prime factors of 647998?
2, 13, 24923
List the prime factors of 235131.
3, 13, 6029
List the prime factors of 14497217.
7, 269, 7699
What are the prime factors of 1319476?
2, 59, 5591
List the prime factors of 169173.
3, 18797
What are the prime factors of 375699?
3, 61, 2053
List the prime factors of 21241.
11, 1931
List the prime factors of 203989.
203989
List the prime factors of 1587047.
7, 11, 20611
What are the prime factors of 516933?
3, 19, 3023
What are the prime factors of 897593?
897593
What are the prime factors of 153498?
2, 3, 25583
List the prime factors of 363318.
2, 3, 19, 3187
What are the prime factors of 4351606?
2, 7, 310829
List the prime factors of 1070178.
2, 3, 173, 1031
What are the prime factors of 758804?
2, 189701
List the prime factors of 2213659.
7, 79, 4003
List the prime factors of 30939.
3, 10313
What are the prime factors of 1131569?
1131569
What are the prime factors of 9119711?
463, 19697
What are the prime factors of 4098040?
2, 5, 102451
What are the prime factors of 1973499?
3, 11, 79, 757
List the prime factors of 5698710.
2, 3, 5, 23, 2753
List the prime factors of 326830.
2, 5, 7, 23, 29
List the prime factors of 368982.
2, 3, 6833
List the prime factors of 1548013.
71, 21803
What are the prime factors of 2187385?
5, 181, 2417
What are the prime factors of 1596816?
2, 3, 13, 853
List the prime factors of 2713969.
67, 40507
What are the prime factors of 6368660?
2, 5, 359, 887
List the prime factors of 506168.
2, 13, 31, 157
List the prime factors of 61931.
17, 3643
List the prime factors of 35526364.
2, 37, 240043
What are the prime factors of 100948?
2, 25237
List the prime factors of 925712.
2, 47, 1231
What are the prime factors of 565092?
2, 3, 11, 1427
What are the prime factors of 331533?
3, 4093
What are the prime factors of 26218992?
2, 3, 43, 12703
List the prime factors of 161441.
7, 23063
List the prime factors of 18458.
2, 11, 839
What are the prime factors of 474858?
2, 3, 23, 31, 37
List the prime factors of 591706.
2, 295853
List the prime factors of 167465.
5, 33493
List the prime factors of 162796.
2, 40699
What are the prime factors of 448561?
448561
What are the prime factors of 1384537?
7, 11, 17981
What are the prime factors of 1112165?
5, 19, 23, 509
What are the prime factors of 6335471?
1723, 3677
What are the prime factors of 396771?
3, 132257
List the prime factors of 153228.
2, 3, 113
What are the prime factors of 153749?
153749
List the prime factors of 266082.
2, 3, 61, 727
What are the prime factors of 6388106?
2, 3194053
List the prime factors of 18198.
2, 3, 337
What are the prime factors of 2072030?
2, 5, 383, 541
List the prime factors of 860244.
2, 3, 7, 11, 19
What are the prime factors of 19139731?
13, 53, 27779
What are the prime factors of 69559?
7, 19, 523
What are the prime factors of 1874723?
1874723
What are the prime factors of 16159482?
2, 3, 233, 3853
List the prime factors of 235128.
2, 3, 97, 101
What are the prime factors of 5960663?
37, 71, 2269
List the prime factors of 157516.
2, 53, 743
What are the prime factors of 123575?
5, 4943
What are the prime factors of 25977?
3, 7, 1237
What are the prime factors of 16822539?
3, 623057
List the prime factors of 19156.
2, 4789
What are the prime factors of 17843218?
2, 8921609
List the prime factors of 309255.
3, 5, 53, 389
List the prime factors of 1363187.
7, 23, 8467
List the prime factors of 2931288.
2, 3, 37, 3301
List the prime factors of 164147.
164147
List the prime factors of 585982.
2, 67, 4373
What are the prime factors of 106366?
2, 13, 4091
What are the prime factors of 2530422?
2, 3, 257, 547
List the prime factors of 1606186.
2, 803093
What are the prime factors of 171074?
2, 23, 3719
List the prime factors of 331468.
2, 173, 479
List the prime factors of 8908575.
3, 5, 13, 9137
What are the prime factors of 10011642?
2, 3, 269, 6203
List the prime factors of 1482762.
2, 3, 421, 587
List the prime factors of 477911.
7, 67, 1019
List the prime factors of 239886.
2, 3, 13327
What are the prime factors of 10184648?
2, 151, 8431
What are the prime factors of 2015231?
17, 118543
What are the prime factors of 22869735?
3, 5, 7, 173, 1259
List the prime factors of 13934456.
2, 1741807
What are the prime factors of 247073?
247073
What are the prime factors of 916444?
2, 197, 1163
What are the prime factors of 144757?
144757
What are the prime factors of 537733?
7, 76819
List the prime factors of 248683.
248683
What are the prime factors of 639763?
53, 12071
List the prime factors of 387585.
3, 5, 11, 29
List the prime factors of 33955.
5, 6791
List the prime factors of 10468417.
10468417
List the prime factors of 15594.
2, 3, 23, 113
List the prime factors of 6822131.
6822131
List the prime factors of 5642931.
3, 7, 379, 709
What are the prime factors of 220353?
3, 7, 1499
List the prime factors of 218941.
218941
List the prime factors of 11540261.
11540261
What are the prime factors of 792504?
2, 3, 1223
What are t